b?
5f
In base 4, what is 0 + -323?
-323
In base 4, what is -2331 - -2?
-2323
In base 3, what is 22 + 11001?
11100
In base 16, what is -3bc - -4?
-3b8
In base 15, what is -9 + -218?
-222
In base 7, what is -1320 + 4?
-1313
In base 8, what is 4013 - 0?
4013
In base 8, what is 56 - -607?
665
In base 11, what is 55a - -3?
562
In base 10, what is -184 + 3?
-181
In base 9, what is -6 - -36?
30
In base 11, what is 3 + 18?
20
In base 4, what is -1013 - 21?
-1100
In base 14, what is -3 + -d0?
-d3
In base 2, what is 1101 - 111?
110
In base 13, what is 1 + -25?
-24
In base 9, what is 126 - -2?
128
In base 11, what is -7 - -20?
14
In base 2, what is 111000 + -100?
110100
In base 9, what is 22 - -3?
25
In base 9, what is 121 + 2?
123
In base 10, what is -3 + -225?
-228
In base 7, what is 513 - 4?
506
In base 9, what is -4 - 810?
-814
In base 7, what is -304 - -4?
-300
In base 9, what is -324 + -5?
-330
In base 9, what is 56 - -5?
62
In base 12, what is 3 - -10?
13
In base 7, what is -1 + -2530?
-2531
In base 4, what is -11310 - 3?
-11313
In base 13, what is -3a - 3?
-40
In base 2, what is 100 + 101110001011?
101110001111
In base 8, what is -120 + -20?
-140
In base 13, what is -ac + 1a?
-92
In base 9, what is 1 + 1860?
1861
In base 11, what is 2 - -30?
32
In base 3, what is -2 - 12?
-21
In base 2, what is 10111100 - 11100?
10100000
In base 15, what is 3 - 2d6?
-2d3
In base 15, what is 28 - -9?
32
In base 16, what is 3fa - e?
3ec
In base 10, what is -4 - 2375?
-2379
In base 5, what is -13 - -400?
332
In base 15, what is -3 - 19b?
-19e
In base 8, what is 7106 - -5?
7113
In base 14, what is 198 - 31?
167
In base 12, what is 5 - 67a?
-675
In base 14, what is 8877 + -4?
8873
In base 14, what is -d + 1c4?
1b5
In base 9, what is -5 + -1233?
-1238
In base 16, what is 5 - 7?
-2
In base 12, what is 3 + 63?
66
In base 11, what is 0 + -61?
-61
In base 12, what is 710 + 1?
711
In base 8, what is 142 + 1?
143
In base 12, what is 0 + -1b6?
-1b6
In base 2, what is 1000111 - -1?
1001000
In base 9, what is 7533 + 0?
7533
In base 11, what is -129 - -2?
-127
In base 14, what is c + -d4?
-c6
In base 8, what is -5 - -50?
43
In base 11, what is -1547 - 3?
-154a
In base 8, what is -5 - -372?
365
In base 4, what is 221 - 1212?
-331
In base 11, what is -5 + -513?
-518
In base 5, what is 11143 - -4?
11202
In base 2, what is 10 - -1?
11
In base 10, what is -13 + -754?
-767
In base 13, what is 2 + -25?
-23
In base 7, what is 0 - 1652?
-1652
In base 15, what is ed + 4?
102
In base 12, what is -13b + -1?
-140
In base 11, what is 8 + 33?
40
In base 10, what is -3 + 366?
363
In base 5, what is -3 - 3001?
-3004
In base 7, what is 1 - 11564?
-11563
In base 11, what is 5 - -58?
62
In base 3, what is 2120 - 20021?
-10201
In base 6, what is -223 - 0?
-223
In base 4, what is -102 - 10?
-112
In base 9, what is 2310 + -2?
2307
In base 5, what is -3 + -1?
-4
In base 7, what is 4 - -500?
504
In base 6, what is -3 - -1221?
1214
In base 4, what is -2 - 123220?
-123222
In base 16, what is 4 + 1f?
23
In base 5, what is 10 + -1104?
-1044
In base 14, what is 7c - 65?
17
In base 7, what is -3 - 1000?
-1003
In base 16, what is 53 - -4?
57
In base 10, what is -36 + 206?
170
In base 5, what is 111 + -13?
43
In base 6, what is 12 - -232?
244
In base 3, what is 200 - -10?
210
In base 12, what is 5 + -1b?
-16
In base 9, what is -211 + -1?
-212
In base 4, what is -2 + 1121?
1113
In base 13, what is 79 + -3?
76
In base 5, what is -11 - -20?
4
In base 9, what is -48 + -5?
-54
In base 13, what is -1 - 13?
-14
In base 4, what is 103202 - 11?
103131
In base 9, what is 221 - 8?
212
In base 16, what is 8 - -17?
1f
In base 5, what is 33113 + -1?
33112
In base 12, what is -8b + 2?
-89
In base 9, what is 2 - -42?
44
In base 14, what is 23 + 2?
25
In base 7, what is 2032 - 0?
2032
In base 5, what is -144 - 2440?
-3134
In base 4, what is 223113 + -11?
223102
In base 3, what is 12 - -102122?
102211
In base 3, what is 2122 - -20?
2212
In base 15, what is -30a + 4?
-306
In base 12, what is -17 + -302?
-319
In base 13, what is 349 + 2?
34b
In base 6, what is 2 + 331?
333
In base 13, what is -2 - -83?
81
In base 12, what is 24 + -257?
-233
In base 9, what is 4 + -45?
-41
In base 4, what is -3 - -2331?
2322
In base 8, what is -527 - 11?
-540
In base 10, what is -3 + 488?
485
In base 13, what is -7827 - -4?
-7823
In base 4, what is 3 + 13331?
20000
In base 3, what is 0 - -221?
221
In base 3, what is 120 - 22?
21
In base 13, what is 137 + 0?
137
In base 14, what is 3 + -220?
-21b
In base 4, what is 120331 + -10?
120321
In base 3, what is 12222 + 1?
20000
In base 5, what is -403 - 2?
-410
In base 5, what is -1323 + -204?
-2032
In base 7, what is -11 - -54?
43
In base 4, what is -11 + -3?
-20
In base 12, what is -6 - -125?
11b
In base 12, what is -46 + 9a?
54
In base 4, what is 11 - -12?
23
In base 9, what is -182 - 3?
-185
In base 13, what is -3a + 0?
-3a
In base 10, what is 1273 + -4?
1269
In base 10, what is -5 - -1092?
1087
In base 16, what is -5 - ef?
-f4
In base 7, what is 156 - -10?
166
In base 9, what is -101 + 70?
-21
In base 3, what is -1212 + -12?
-2001
In base 5, what is 4340 - 10?
4330
In base 5, what is 0 + -1232?
-1232
In base 7, what is 43 - 60?
-14
In base 7, what is -226 - 24?
-253
In base 7, what is -55553 - 5?
-55561
In base 6, what is 1 - 103?
-102
In base 5, what is 2342 + -201?
2141
In base 5, what is -100 + -43?
-143
In base 11, what is 3 + -2a28?
-2a25
In base 15, what is 3 - 369?
-366
In base 15, what is 2e + 9?
38
In base 15, what is -1 - -e?
d
In base 14, what is -5 - 5c?
-63
In base 16, what is 32 - 7?
2b
In base 12, what is 9 - 1b?
-12
In base 4, what is 1 - 10313?
-10312
In base 12, what is 34 - -3?
37
In base 9, what is 1 - -1308?
1310
In base 7, what is 50 + 24?
104
In base 13, what is a7c - 9?
a73
In base 11, what is 5 - 115a?
-1155
In base 7, what is -1 + 2145?
2144
In base 11, what is -2 + -21a7?
-21a9
In base 13, what is -4 + c8?
c4
In base 7, what is 3 + -4410?
-4404
In base 9, what is 43 - -25?
68
In base 9, what is -351 - -1?
-350
In base 3, what is -11 + 1022?
1011
In base 2, what is -1 + -10010010101?
-10010010110
In base 13, what is -45 + -2?
-47
In base 10, what is 5 + -1978?
-1973
In base 15, what is 3c8 + -3?
3c5
In base 15, what is c + -3?
9
In base 8, what is -507 - -10?
-477
In base 2, what is 10 - -10000011111?
10000100001
In base 2, what is -10111100 - 10?
-10111110
In base 12, what is 347 - -4?
34b
In base 6, what is -1012 + -2?
-1014
In base 15, what is -3 - -d9?
d6
In base 10, what is -192 - 4?
-196
In base 5, what is 334 - -10?
344
In base 9, what is 11 + 16?
27
In base 6, what is -1 - 433?
-434
In base 4, what is 10332 + -30?
10302
In base 6, what is 5 + 125?
134
In base 7, what is -10526 - 2?
-10531
In base 14, what is 0 - -268?
268
In base 10, what is -134 - 13?
-147
In base 6, what is -3 + -3414?
-3421
In base 7, what is -463 + 6?
-454
In base 5, what is 131 - -133?
314
In base 14, what is 1 - c82?
-c81
In base 6, what is 2 + 12112?
12114
In base 11, what is 24 + -4?
20
In base 6, what is 155 - -5?
204
In base 5, what is -2104 - -2?
-2102
In base 8, what is 2 - 127?
-125
In base 2, what is -110 - -110001110?
110001000
In base 10, what is -3 + -142?
-145
In base 9, what is 1010 + 5?
1015
In base 8, what is 5 - 3?
2
In base 5, what is 21 - -110?
131
In base 8, what is -505 - 0?
-505
In base 5, what is 1 - 2400?
-2344
In base 8, what is -31 + -20?
-51
In base 12, what is 3 - -3?
6
In base 15, what is e - -2a?
39
In base 14, what is -5 + -58?
-5d
In base 11, what is -99 + -10?
-a9
In base 14, what is 2 - -4b3?
4b5
In base 6, what is -4343 - -5?
-4334
In base 15, what is -8d + -4?
-92
In base 13, what is 13 + -6c?
-59
In base 9, what is -3 + -186?
-200
In base 14, what is 5 - a3?
-9c
In base 3, what is 12112 + 11?
12200
In base 4, what is -1 + -13012?
-13013
In base 3, what is 211121 - 102?
211012
In base 11, what is 3 + -19?
-16
In base 6, what is 4 - 42523?
-42515
In base 14, what is 1 - -d20?
d21
In base 11, what is -4 - -23a?
236
In base 14, what is -7 - 368?
-371
In base 12, what is -396 + 3?
-393
In base 11, what is 4aa - 3?
4a7
In base 10, what is -42 + -26?
-68
In base 4, what is -201 + 12?
-123
In base 3, what is -110022 - 2?
-110101
In base 12, what is 298 + 0?
298
I